 + 567. Let k be 512/36 - 6/q*-7. Suppose 62 = g + 2*g - 4*c, 0 = 5*g - c - 75. What is the greatest common divisor of g and k?
14
Suppose -8*s - 1805 - 1667 = 0. Let x = -430 - s. Calculate the highest common factor of x and 17.
1
Suppose -3*v = v - 2*a - 42, 0 = v - 3*a - 3. What is the highest common factor of v and 222?
6
Let u be (2217/(-18))/((-1)/39) + 363/(-242). What is the greatest common divisor of u and 2?
2
Let c be 70/(-2)*(-190)/665. Let t = -5 + 30. Calculate the highest common factor of c and t.
5
Let r = 553 + -531. Let y be 33/(-1 - (-14)/8). What is the highest common divisor of y and r?
22
Let i = 3691 - 155. Suppose 8*w = -9*w + i. Calculate the greatest common factor of 16 and w.
16
Let q = 447 + -408. Suppose 4*g - 5*u = 2787, -36*g - 2*u = -q*g + 2085. What is the greatest common divisor of g and 33?
33
Let v = -4179 - -5599. Calculate the greatest common divisor of 5 and v.
5
Let f = 17751 - 15798. What is the highest common factor of 315 and f?
63
Let b = -1435 - -1439. Let d = 4 - -64. What is the highest common factor of b and d?
4
Let o = 48 - 45. Let b be (-2)/o - ((-50)/3 + 2). Let d be ((7007/b)/11)/(1/2). What is the greatest common divisor of 13 and d?
13
Let f be (-1128)/((36/24)/(-1)). Let s be 1/(-2) + (-29)/(-2) + 2. What is the greatest common factor of s and f?
16
Suppose 2*u - 3*u - 3*a + 11 = 0, 0 = 2*u - 2*a - 6. Suppose u*v + 627 = 3*p + 2*v, -4*v - 420 = -2*p. What is the greatest common divisor of p and 26?
26
Let z = -19775 + 19905. What is the greatest common factor of 7930 and z?
130
Suppose -128*c + 2789 + 6171 = 0. What is the highest common factor of c and 903?
7
Let u = -3909 - -4421. What is the greatest common divisor of 368 and u?
16
Let q = 119 + -64. Let n = 356 - q. Suppose 2*y + n = 9*y. Calculate the greatest common factor of 473 and y.
43
Suppose 0 = -h + 9*h - 6032. Suppose -422 = -14*i + h. What is the highest common factor of 35 and i?
7
Let w(o) = 217*o + 1742. Let h be w(-8). What is the greatest common factor of 19464 and h?
6
Suppose -r + 4*y = 4, -18 = -r - 2*r - 3*y. Let n(l) = l - 1. Let i be n(r). Suppose 180 = i*v - 0. Calculate the highest common factor of 24 and v.
12
Let t = -2961 - -3807. Calculate the highest common factor of 18 and t.
18
Let p(a) be the third derivative of 2*a**2 + 0 - 1/6*a**3 + 1/12*a**4 + 0*a + 89/60*a**5. Let n be p(1). Calculate the greatest common divisor of n and 10.
10
Let q = 38 + -32. Let f(n) = -n**3 - 18*n**2 + n + 25. Let j be f(-18). Suppose 8*p = j*p + 9. Calculate the highest common divisor of q and p.
3
Let f be 5995/5 - (-18)/(-6 + 4). Calculate the highest common divisor of f and 840.
70
Let b be ((-44)/3)/((-81)/243) + (-1)/(-1). What is the highest common factor of b and 468?
9
Let f(i) = -4*i**3 - 3*i**2 - 3*i - 10. Let k be f(-3). Suppose 0 = 5*n + 4*j - 484 + 52, -4*j + k = n. What is the highest common divisor of 55 and n?
11
Let z(j) = -268*j + 5075. Let f be z(17). What is the highest common factor of f and 9?
3
Let g be 1028/16 - (-3)/(-12). Let k(w) = 2*w + 5. Let c be k(0). Suppose 0 = -c*u + u + 64. Calculate the greatest common factor of u and g.
16
Suppose -18*i = -14*i - 12. Let m = 14 - i. Let w(q) = 14*q**2 + 2*q - 1. Let a be w(-1). Calculate the greatest common factor of a and m.
11
Let x(z) = 15*z**2 + 116*z + 369. Let d be x(-3). Let p(n) = 13*n**2. Let l be p(2). Calculate the greatest common divisor of d and l.
52
Let c = -165 + 165. Suppose 5*d - 110 = -4*f, -4*f + 3*d + 139 - 45 = c. What is the highest common factor of 200 and f?
25
Let b be (-24 - -3) + ((-24)/3)/(-8). Let i(k) = -3*k**2 - 62*k + 12. Let p be i(b). Let s = 117 + -78. What is the greatest common factor of s and p?
13
Let a be (-12)/(3 + (-2466)/819). Let y = 1636 - a. Calculate the greatest common factor of 17 and y.
17
Suppose 7 = d - 30. Suppose 1 = -3*f + 256. Let q = f + 26. What is the greatest common divisor of q and d?
37
Let t = -2073 + 2451. What is the greatest common divisor of t and 182?
14
Suppose 21*g - 317 = 418. What is the highest common factor of 6685 and g?
35
Suppose 603*w = 46907 + 1333. Suppose -4*k + 182 + 256 = -3*x, 5*k + 5*x - 565 = 0. Let l = 9 + k. Calculate the greatest common divisor of l and w.
40
Suppose 8527*i - 60 = 8525*i. Suppose g + 4 + 15 = 0. Let o be g/(-2) + (-1)/(-2). What is the highest common divisor of i and o?
10
Suppose 0 = c + f + 40 - 17, 0 = -5*f + 25. Let q be 1100/70 - 8/c. Let j be 38/4 - 6/4. What is the highest common divisor of j and q?
8
Let u(w) = 2*w**2 + 10*w + 65. Let y be 26/1*(-30)/(-60). Let s be u(y). What is the highest common divisor of s and 13?
13
Let h be 3*154/(-21)*-1. Suppose -2*y + h*y = 400. What is the greatest common divisor of 8 and y?
4
Let v be (-12)/(-10)*(-2 + -3). Let q be ((-9)/v)/(27/522). Calculate the greatest common divisor of 2 and q.
1
Let c(p) = 4*p**2 - 11*p - 109. Let x be c(-7). What is the highest common divisor of x and 5822?
82
Let n be (58/4 + 1)/(4/(-8)). Let c = n - -36. Suppose 2*t = c*w - 21 - 439, 4*w + 4*t = 340. What is the highest common factor of 10 and w?
10
Let j(t) = -3*t**3 + t**2. Let g be j(-1). Suppose -31 = -g*r + 33. Let l = 63 - -49. What is the greatest common factor of r and l?
16
Suppose -4745 = -169*v + 22126. Let u be (636/(-15))/(1/(-5)). What is the greatest common factor of u and v?
53
Let y be -2*(-32)/1 - -5. Suppose -4*t + 101 = y. Suppose -t*i = -0 - 32. Calculate the highest common factor of i and 1.
1
Suppose 76 = -5*c - 284. Let t = c - -187. Suppose -53*z + 48*z = -t. Calculate the greatest common factor of z and 23.
23
Suppose 3*t + 144 = w, 2*w + 4*t = 368 - 80. What is the greatest common divisor of w and 6408?
72
Let v(y) = 7*y**2 - y + 37. Let a be v(0). Let d be ((-74)/4)/((-2)/68). Calculate the highest common divisor of a and d.
37
Let q = 1779 - -2391. What is the highest common divisor of 90 and q?
30
Let l = -617 + 631. Suppose l*p - 292 = -54. Calculate the greatest common divisor of p and 1.
1
Let w be (-2 - 29/(-4))*(-15 + 2682/54). What is the highest common divisor of w and 4459?
91
Let k(z) = 10*z**2 - 2*z + 195. Let q be k(-14). Calculate the highest common divisor of q and 111.
37
Let g be 830/(-40) - (-3)/4. Let j be (-8)/g + 216/(-15). Let r = 74 + j. What is the greatest common factor of r and 540?
60
Let i(y) = -y**2 + 213. Let x be i(0). Suppose 4*w - 5*u = -279, 4*u - x = 3*w + u. Let v = -59 - w. Calculate the highest common divisor of v and 187.
17
Let d be 417 + ((3 - 3) + 6 - -1). What is the highest common factor of 1325 and d?
53
Suppose -942*z = -939*z + 6. Let v be (-36 - -37)/(z/(-1876)). Calculate the highest common divisor of 14 and v.
14
Let y = 8493 + -8437. Calculate the greatest common factor of 2264 and y.
8
Let j = -6764 - -6779. Calculate the highest common divisor of j and 2685.
15
Let r = 6376 - 6294. Suppose -1110 = -3*j - 3*z, -1848 = -10*j + 5*j - 3*z. Calculate the highest common factor of j and r.
41
Let m be (13 + 1683)/(4 - 3). What is the greatest common factor of m and 272?
16
Let j = 7165 + -6877. Calculate the highest common factor of 2976 and j.
96
Suppose 90 = 5*h + 5*t, 6*h = h - 4*t + 85. What is the highest common factor of 416 and h?
13
Suppose -4*k + 2*k - 6 = 0. Let u be (-1345)/(-15) - 1/k. Calculate the greatest common divisor of u and 54.
18
Suppose -15 = 3*a, 4*z + 0 = -4*a + 8. Suppose 2 = u + z, j - 649 = 4*u. Calculate the greatest common divisor of 37 and j.
37
Let k = 7 - -1. Let n(q) = 5*q - 9*q + 64 + 10*q**2 - 68 + 23*q. Let l be n(-4). What is the highest common divisor of k and l?
8
Let y be 9/(-6)*14/3. Let r(g) = -g**3 - 8*g**2 - 6*g + 15. Let w be r(y). Let j = 23 + -19. What is the greatest common divisor of j and w?
4
Suppose 69*i - 8693 = 8695. Calculate the greatest common factor of i and 616.
28
Let x = 110 - 110. Let d = -19 - -39. Suppose x*i - 4*i + 4*o = -16, o + d = 5*i. What is the greatest common factor of 12 and i?
4
Suppose -5*z + 4*g + 9 = 0, -3*g - 9 = -21. Suppose 4*w = i - 27 - 152, 0 = z*i - 4*w - 863. Calculate the highest common factor of i and 27.
9
Suppose -10*a = 6*a - 5136. Suppose -5*n = -a - 669. Let h be 7172/n + 2/(-9). Calculate the greatest common divisor of h and 144.
36
Let y be 175 - ((-2